{"id":11,"date":"2021-02-26T23:33:24","date_gmt":"2021-02-26T23:33:24","guid":{"rendered":"http:\/\/nutricion.uas.edu.mx\/?page_id=11"},"modified":"2022-05-31T23:31:12","modified_gmt":"2022-05-31T23:31:12","slug":"mision","status":"publish","type":"page","link":"https:\/\/nutricion.uas.edu.mx\/index.php\/mision\/","title":{"rendered":"Misi\u00f3n"},"content":{"rendered":"\n<p class=\"has-text-align-center\"><strong><br><\/strong>MISI\u00d3N<\/p>\n\n\n\n<p class=\"has-text-align-center\">Formar profesionistas de la\u00a0 nutrici\u00f3n\u00a0\u00a0capaces de contribuir en la resoluci\u00f3n de los retos\u00a0 nutricionales de la poblaci\u00f3n basados en los objetivos del desarrollo sustentable, en un marco de trabajo multidisciplinario, humanitario y con alto sentido\u00a0\u00a0\u00a0 \u00e9tico.<\/p>\n\n\n\n<p class=\"has-text-align-center\">VISI\u00d3N<br>Ser un programa educativo incluyente con reconocimiento nacional e internacional formador de profesionistas de la nutrici\u00f3n, que aplican de manera eficaz y eficiente las competencias adquiridas,\u00a0\u00a0\u00a0\u00a0\u00a0\u00a0\u00a0\u00a0 participando en la generaci\u00f3n del conocimiento y\u00a0\u00a0 prestaci\u00f3n de\u00a0 servicios para contribuir a la soluci\u00f3n de la problem\u00e1tica nutricional basada en los objetivos del desarrollo sustentable con un alto sentido \u00e9tico.<\/p>\n\n\n\n<p><\/p>\n","protected":false},"excerpt":{"rendered":"<p>MISI\u00d3N Formar profesionistas de la\u00a0 nutrici\u00f3n\u00a0\u00a0capaces de contribuir en la resoluci\u00f3n de los retos\u00a0 nutricionales de la poblaci\u00f3n basados en los objetivos del desarrollo sustentable, en un marco de trabajo multidisciplinario, humanitario y con alto sentido\u00a0\u00a0\u00a0 \u00e9tico. VISI\u00d3NSer un programa educativo incluyente con reconocimiento nacional e internacional formador de profesionistas de la nutrici\u00f3n, que aplican &hellip; <a href=\"https:\/\/nutricion.uas.edu.mx\/index.php\/mision\/\">Seguir leyendo <span class=\"meta-nav\">&rarr;<\/span><\/a><\/p>\n","protected":false},"author":1,"featured_media":0,"parent":0,"menu_order":0,"comment_status":"closed","ping_status":"closed","template":"","meta":[],"_links":{"self":[{"href":"https:\/\/nutricion.uas.edu.mx\/index.php\/wp-json\/wp\/v2\/pages\/11"}],"collection":[{"href":"https:\/\/nutricion.uas.edu.mx\/index.php\/wp-json\/wp\/v2\/pages"}],"about":[{"href":"https:\/\/nutricion.uas.edu.mx\/index.php\/wp-json\/wp\/v2\/types\/page"}],"author":[{"embeddable":true,"href":"https:\/\/nutricion.uas.edu.mx\/index.php\/wp-json\/wp\/v2\/users\/1"}],"replies":[{"embeddable":true,"href":"https:\/\/nutricion.uas.edu.mx\/index.php\/wp-json\/wp\/v2\/comments?post=11"}],"version-history":[{"count":4,"href":"https:\/\/nutricion.uas.edu.mx\/index.php\/wp-json\/wp\/v2\/pages\/11\/revisions"}],"predecessor-version":[{"id":541,"href":"https:\/\/nutricion.uas.edu.mx\/index.php\/wp-json\/wp\/v2\/pages\/11\/revisions\/541"}],"wp:attachment":[{"href":"https:\/\/nutricion.uas.edu.mx\/index.php\/wp-json\/wp\/v2\/media?parent=11"}],"curies":[{"name":"wp","href":"https:\/\/api.w.org\/{rel}","templated":true}]}}