{"id":160,"date":"2021-02-27T06:41:28","date_gmt":"2021-02-27T06:41:28","guid":{"rendered":"http:\/\/nutricion.uas.edu.mx\/?page_id=160"},"modified":"2021-04-30T15:58:14","modified_gmt":"2021-04-30T15:58:14","slug":"valores","status":"publish","type":"page","link":"https:\/\/nutricion.uas.edu.mx\/index.php\/valores\/","title":{"rendered":"Valores"},"content":{"rendered":"\n<p><strong><em>Nuestros valores son:<\/em><\/strong><\/p>\n\n\n\n<ul><li><strong><em>Verdad y honestidad<\/em><\/strong><strong>;<\/strong> que implican actuar con rectitud, hablar con sinceridad y franqueza, comportarse y expresarse con coherencia y sinceridad, respetando la verdad con uno mismo y con los dem\u00e1s.<\/li><li><strong><em>Equidad<\/em><\/strong><strong>; <\/strong>dar a cada quien lo que le corresponde, seg\u00fan sus necesidades, m\u00e9ritos, capacidades o atributos.&nbsp;<\/li><li><strong><em>Libertad<\/em><\/strong><strong>; <\/strong>respetar la voluntad individual y hacerse responsable de los propios actos sin estar atado a la voluntad de otros.<\/li><li><strong><em>Solidaridad;<\/em><\/strong> comprometerse con el otro y la otra, con su dignidad, su libertad y su bienestar, especialmente con las y los marginados.<\/li><li><strong><em>Respeto a la vida y a los dem\u00e1s<\/em><\/strong><strong>; <\/strong>aceptar, apreciar y valorar las cualidades del pr\u00f3jimo y sus derechos, as\u00ed como de s\u00ed mismo.<\/li><li><strong><em>Respeto a la naturaleza<\/em><\/strong><strong>; <\/strong>cuidar la naturaleza como ser vivo del cual somos parte y por lo tanto co-dependemos.<\/li><li><strong><em>Integridad<\/em><\/strong><strong>; <\/strong>asegurar la congruencia entre lo que se dice y se hace siempre que sea orientado al bien de s\u00ed mismo y de los dem\u00e1s.<\/li><li><strong><em>\u00c9tica profesional<\/em><\/strong><strong>; <\/strong>actuar respetando el conjunto de principios, valores y normas que indican c\u00f3mo debe comportarse una persona en su actividad profesional.<\/li><li><strong><em>Justicia<\/em><\/strong><strong>; <\/strong>reconocer, respetar y hacer valer los derechos de las personas, velando porque no se cometan atropellos contra s\u00ed mismo y los dem\u00e1s.<\/li><li><strong><em>Responsabilidad<\/em><\/strong><strong>; <\/strong>cumplir siempre con lo que uno se compromete considerando el inter\u00e9s colectivo.<\/li><li><strong><em>Cooperaci\u00f3n<\/em><\/strong><strong>;<\/strong> es trabajar responsablemente en conjunto con otras personas o grupos para lograr prop\u00f3sitos comunes.<\/li><\/ul>\n","protected":false},"excerpt":{"rendered":"<p>Nuestros valores son: Verdad y honestidad; que implican actuar con rectitud, hablar con sinceridad y franqueza, comportarse y expresarse con coherencia y sinceridad, respetando la verdad con uno mismo y con los dem\u00e1s. Equidad; dar a cada quien lo que le corresponde, seg\u00fan sus necesidades, m\u00e9ritos, capacidades o atributos.&nbsp; Libertad; respetar la voluntad individual y &hellip; <a href=\"https:\/\/nutricion.uas.edu.mx\/index.php\/valores\/\">Seguir leyendo <span class=\"meta-nav\">&rarr;<\/span><\/a><\/p>\n","protected":false},"author":1,"featured_media":0,"parent":0,"menu_order":0,"comment_status":"closed","ping_status":"closed","template":"","meta":[],"_links":{"self":[{"href":"https:\/\/nutricion.uas.edu.mx\/index.php\/wp-json\/wp\/v2\/pages\/160"}],"collection":[{"href":"https:\/\/nutricion.uas.edu.mx\/index.php\/wp-json\/wp\/v2\/pages"}],"about":[{"href":"https:\/\/nutricion.uas.edu.mx\/index.php\/wp-json\/wp\/v2\/types\/page"}],"author":[{"embeddable":true,"href":"https:\/\/nutricion.uas.edu.mx\/index.php\/wp-json\/wp\/v2\/users\/1"}],"replies":[{"embeddable":true,"href":"https:\/\/nutricion.uas.edu.mx\/index.php\/wp-json\/wp\/v2\/comments?post=160"}],"version-history":[{"count":2,"href":"https:\/\/nutricion.uas.edu.mx\/index.php\/wp-json\/wp\/v2\/pages\/160\/revisions"}],"predecessor-version":[{"id":343,"href":"https:\/\/nutricion.uas.edu.mx\/index.php\/wp-json\/wp\/v2\/pages\/160\/revisions\/343"}],"wp:attachment":[{"href":"https:\/\/nutricion.uas.edu.mx\/index.php\/wp-json\/wp\/v2\/media?parent=160"}],"curies":[{"name":"wp","href":"https:\/\/api.w.org\/{rel}","templated":true}]}}