{"id":203,"date":"2021-02-27T17:12:45","date_gmt":"2021-02-27T17:12:45","guid":{"rendered":"http:\/\/nutricion.uas.edu.mx\/?page_id=203"},"modified":"2021-02-27T17:12:47","modified_gmt":"2021-02-27T17:12:47","slug":"perfil-de-ingreso-2","status":"publish","type":"page","link":"https:\/\/nutricion.uas.edu.mx\/index.php\/perfil-de-ingreso-2\/","title":{"rendered":"Perfil de Ingreso"},"content":{"rendered":"\n<p>El aspirante a ingresar al Programa de Licenciatura en Gastronom\u00eda de la Universidad Aut\u00f3noma de Sinaloa deber\u00e1 mostrar conocimientos, habilidades y actitudes que a continuaci\u00f3n se describen:<\/p>\n\n\n\n<ul><li>Conocimientos b\u00e1sicos de ciencias administrativas, de igual manera del \u00e1rea de la gastronom\u00eda.<\/li><li>Actitudes de compromiso y responsabilidad ante las tareas encomendadas.<\/li><li>Disposici\u00f3n al trabajo individual y en equipo.<\/li><li>Capacidad cr\u00edtica y propositiva para solucionar problemas.<\/li><li>Habilidades para la expresi\u00f3n oral y escrita.<\/li><li>Manejo b\u00e1sico de computadora.<\/li><\/ul>\n","protected":false},"excerpt":{"rendered":"<p>El aspirante a ingresar al Programa de Licenciatura en Gastronom\u00eda de la Universidad Aut\u00f3noma de Sinaloa deber\u00e1 mostrar conocimientos, habilidades y actitudes que a continuaci\u00f3n se describen: Conocimientos b\u00e1sicos de ciencias administrativas, de igual manera del \u00e1rea de la gastronom\u00eda. Actitudes de compromiso y responsabilidad ante las tareas encomendadas. Disposici\u00f3n al trabajo individual y en &hellip; <a href=\"https:\/\/nutricion.uas.edu.mx\/index.php\/perfil-de-ingreso-2\/\">Seguir leyendo <span class=\"meta-nav\">&rarr;<\/span><\/a><\/p>\n","protected":false},"author":1,"featured_media":0,"parent":0,"menu_order":0,"comment_status":"closed","ping_status":"closed","template":"","meta":[],"_links":{"self":[{"href":"https:\/\/nutricion.uas.edu.mx\/index.php\/wp-json\/wp\/v2\/pages\/203"}],"collection":[{"href":"https:\/\/nutricion.uas.edu.mx\/index.php\/wp-json\/wp\/v2\/pages"}],"about":[{"href":"https:\/\/nutricion.uas.edu.mx\/index.php\/wp-json\/wp\/v2\/types\/page"}],"author":[{"embeddable":true,"href":"https:\/\/nutricion.uas.edu.mx\/index.php\/wp-json\/wp\/v2\/users\/1"}],"replies":[{"embeddable":true,"href":"https:\/\/nutricion.uas.edu.mx\/index.php\/wp-json\/wp\/v2\/comments?post=203"}],"version-history":[{"count":1,"href":"https:\/\/nutricion.uas.edu.mx\/index.php\/wp-json\/wp\/v2\/pages\/203\/revisions"}],"predecessor-version":[{"id":204,"href":"https:\/\/nutricion.uas.edu.mx\/index.php\/wp-json\/wp\/v2\/pages\/203\/revisions\/204"}],"wp:attachment":[{"href":"https:\/\/nutricion.uas.edu.mx\/index.php\/wp-json\/wp\/v2\/media?parent=203"}],"curies":[{"name":"wp","href":"https:\/\/api.w.org\/{rel}","templated":true}]}}