{"id":477,"date":"2021-06-25T05:58:05","date_gmt":"2021-06-25T05:58:05","guid":{"rendered":"http:\/\/nutricion.uas.edu.mx\/?page_id=477"},"modified":"2022-06-16T17:53:58","modified_gmt":"2022-06-16T17:53:58","slug":"normatividad-interna","status":"publish","type":"page","link":"https:\/\/nutricion.uas.edu.mx\/index.php\/normatividad-interna\/","title":{"rendered":"Normatividad Interna"},"content":{"rendered":"\n<p><a rel=\"noreferrer noopener\" href=\"http:\/\/nutricion.uas.edu.mx\/\/wp-content\/uploads\/2021\/06\/1.-Reglamento-Estudiantil-Institucional-UAS-1.pdf\" target=\"_blank\">1.- Reglamento Estudiantil Institucional UAS<br><\/a><a rel=\"noreferrer noopener\" href=\"http:\/\/nutricion.uas.edu.mx\/\/wp-content\/uploads\/2021\/06\/2.-Reglamento-Estudiantil-Interno-FCNyG-1.pdf\" target=\"_blank\">2.- Reglamento Estudiantil Interno -FCNyG<br><\/a><a rel=\"noreferrer noopener\" href=\"http:\/\/nutricion.uas.edu.mx\/\/wp-content\/uploads\/2021\/06\/3.-Reglamento-de-Practicas-Profesionales-UAS-1.pdf\" target=\"_blank\">3.- Reglamento de Pr\u00e1cticas Profesionales UAS<br><\/a><a rel=\"noreferrer noopener\" href=\"http:\/\/nutricion.uas.edu.mx\/\/wp-content\/uploads\/2021\/06\/4.-Reglamento-de-Practicas-Profesionales-Lic.-en-Gastronomia-FCNyG-1.pdf\" target=\"_blank\">4.- Reglamento de Pr\u00e1cticas Profesionales Lic. en Gastronom\u00eda- FCNyG<br><\/a><a rel=\"noreferrer noopener\" href=\"http:\/\/nutricion.uas.edu.mx\/\/wp-content\/uploads\/2021\/06\/5.-Reglamento-de-Practicas-Profesionales-Lic.-en-Nutricion-FCNyG-1.pdf\" target=\"_blank\">5.- Reglamento de Pr\u00e1cticas Profesionales Lic. en Nutrici\u00f3n- FCNyG<br><\/a><a rel=\"noreferrer noopener\" href=\"http:\/\/nutricion.uas.edu.mx\/\/wp-content\/uploads\/2021\/06\/6.-Reglamento-de-Servicio-Social-UAS-1.pdf\" target=\"_blank\">6.- Reglamento de Servicio Social UAS<br><\/a><a rel=\"noreferrer noopener\" href=\"http:\/\/nutricion.uas.edu.mx\/\/wp-content\/uploads\/2021\/06\/7.-Reglamento-de-Asesores-Par-FCNyG-1.pdf\" target=\"_blank\">7.- Reglamento de Asesores Par -FCNyG<br><\/a><a rel=\"noreferrer noopener\" href=\"http:\/\/nutricion.uas.edu.mx\/\/wp-content\/uploads\/2021\/06\/8.-Reglamento-de-Biblioteca-Escolar-FCNyG-1.pdf\" target=\"_blank\">8.- Reglamento de Biblioteca Escolar -FCNyG<br><\/a><a rel=\"noreferrer noopener\" href=\"http:\/\/nutricion.uas.edu.mx\/\/wp-content\/uploads\/2021\/06\/9.-Reglamento-de-Centro-de-Computo-FCNyG-1.pdf\" target=\"_blank\">9.- Reglamento de Centro de C\u00f3mputo- FCNyG<br><\/a><a rel=\"noreferrer noopener\" href=\"http:\/\/nutricion.uas.edu.mx\/\/wp-content\/uploads\/2021\/06\/10.-Instructivo-de-Titulacion-UAS-1.pdf\" target=\"_blank\">10.- Instructivo de Titulacion UAS<br><\/a><a rel=\"noreferrer noopener\" href=\"http:\/\/nutricion.uas.edu.mx\/\/wp-content\/uploads\/2021\/06\/11.-Reglamento-Laboratorio-de-Cocina-1.pdf\" target=\"_blank\">11.- Reglamento Laboratorio de Cocina<br><\/a><a rel=\"noreferrer noopener\" href=\"http:\/\/nutricion.uas.edu.mx\/\/wp-content\/uploads\/2021\/06\/12.-Reglamento-de-Laboratorios-de-Ensenanza-1.pdf\" target=\"_blank\">12.- Reglamento de Laboratorios de Ense\u00f1anza<br><\/a><a href=\"http:\/\/nutricion.uas.edu.mx\/\/wp-content\/uploads\/2022\/06\/Reglamento-de-Laboratorio-de-Evaluacion-Nutricional.pdf\" data-type=\"URL\" data-id=\"http:\/\/nutricion.uas.edu.mx\/\/wp-content\/uploads\/2022\/06\/Reglamento-de-Laboratorio-de-Evaluacion-Nutricional.pdf\" target=\"_blank\" rel=\"noreferrer noopener\">13.- Reglamento de Laboratorio de Antropometr\u00eda<br><\/a><a rel=\"noreferrer noopener\" href=\"http:\/\/nutricion.uas.edu.mx\/\/wp-content\/uploads\/2021\/06\/14.-Reglamento-de-Laboratorio-de-Dietologia-1.pdf\" target=\"_blank\">14.- Reglamento de Laboratorio de Dietolog\u00eda<\/a><\/p>\n","protected":false},"excerpt":{"rendered":"<p>1.- Reglamento Estudiantil Institucional UAS2.- Reglamento Estudiantil Interno -FCNyG3.- Reglamento de Pr\u00e1cticas Profesionales UAS4.- Reglamento de Pr\u00e1cticas Profesionales Lic. en Gastronom\u00eda- FCNyG5.- Reglamento de Pr\u00e1cticas Profesionales Lic. en Nutrici\u00f3n- FCNyG6.- Reglamento de Servicio Social UAS7.- Reglamento de Asesores Par -FCNyG8.- Reglamento de Biblioteca Escolar -FCNyG9.- Reglamento de Centro de C\u00f3mputo- FCNyG10.- Instructivo de Titulacion UAS11.- &hellip; <a href=\"https:\/\/nutricion.uas.edu.mx\/index.php\/normatividad-interna\/\">Seguir leyendo <span class=\"meta-nav\">&rarr;<\/span><\/a><\/p>\n","protected":false},"author":1,"featured_media":0,"parent":0,"menu_order":0,"comment_status":"closed","ping_status":"closed","template":"","meta":[],"_links":{"self":[{"href":"https:\/\/nutricion.uas.edu.mx\/index.php\/wp-json\/wp\/v2\/pages\/477"}],"collection":[{"href":"https:\/\/nutricion.uas.edu.mx\/index.php\/wp-json\/wp\/v2\/pages"}],"about":[{"href":"https:\/\/nutricion.uas.edu.mx\/index.php\/wp-json\/wp\/v2\/types\/page"}],"author":[{"embeddable":true,"href":"https:\/\/nutricion.uas.edu.mx\/index.php\/wp-json\/wp\/v2\/users\/1"}],"replies":[{"embeddable":true,"href":"https:\/\/nutricion.uas.edu.mx\/index.php\/wp-json\/wp\/v2\/comments?post=477"}],"version-history":[{"count":2,"href":"https:\/\/nutricion.uas.edu.mx\/index.php\/wp-json\/wp\/v2\/pages\/477\/revisions"}],"predecessor-version":[{"id":621,"href":"https:\/\/nutricion.uas.edu.mx\/index.php\/wp-json\/wp\/v2\/pages\/477\/revisions\/621"}],"wp:attachment":[{"href":"https:\/\/nutricion.uas.edu.mx\/index.php\/wp-json\/wp\/v2\/media?parent=477"}],"curies":[{"name":"wp","href":"https:\/\/api.w.org\/{rel}","templated":true}]}}